{"id":49,"date":"2014-02-01T16:41:38","date_gmt":"2014-02-01T14:41:38","guid":{"rendered":"http:\/\/www.mv-nimburg-bottingen.de\/site\/?page_id=49"},"modified":"2022-11-01T21:13:50","modified_gmt":"2022-11-01T19:13:50","slug":"impressum","status":"publish","type":"page","link":"https:\/\/www.mv-nimburg-bottingen.de\/site\/impressum\/","title":{"rendered":"Impressum"},"content":{"rendered":"<h2>Vertretungsberechtigter Vorstand des MV Nimburg-Bottingen<\/h2>\n<p>Sven Mick (1. Vorsitzender)<br \/>\nLangstra\u00dfe 38<br \/>\n79331 Nimburg<br \/>\n0176\/23794725<br \/>\nE-Mail: <a  href=\"javascript:smae_decode('aW5mb0Btdi1uaW1idXJnLWJvdHRpbmdlbi5kZQ==');\" >&#105;&#110;&#102;&#111;&#064;&#109;&#118;&#045;&#110;&#105;&#109;&#098;&#117;&#114;&#103;&#045;&#098;&#111;&#116;&#116;&#105;&#110;&#103;&#101;&#110;&#046;&#100;&#101;<\/a><\/p>\n<h2>Haftungsausschluss<\/h2>\n<p>Alle Inhalte dieser Website einschlie\u00dflich der Gestaltung und Programmierung unterliegen dem Urheberrecht (Copyright). Alle Rechte vorbehalten, alle Angaben ohne Gew\u00e4hr, \u00c4nderungen vorbehalten.<\/p>\n<p>Mit Urteil vom 12. Mai 1998 hat das Landgericht Hamburg entschieden, dass man durch die Ausbringung eines Links die Inhalte der gelinkten Seite ggf. mit zu verantworten hat. Dies kann \u2013 so das LG \u2013 nur dadurch verhindert werden, dass man sich ausdr\u00fccklich von diesen Inhalten distanziert. Wir haben auf unserer WebSite Links zu anderen Seiten im Internet gelegt. F\u00fcr alle diese Links gilt: Wir m\u00f6chten ausdr\u00fccklich betonen, dass wir keinerlei Einfluss auf die Gestaltung und die Inhalte der gelinkten Seiten haben. Deshalb distanzieren wir uns hiermit ausdr\u00fccklich von allen Inhalten aller gelinkten Seiten auf unserer WebSite. Diese Erkl\u00e4rung gilt f\u00fcr alle auf unserer WebSite ausgebrachten Links und f\u00fcr alle Inhalte der Seiten, zu denen die Links f\u00fchren.<\/p>\n<p>Der Musikverein Nimburg-Bottingen beh\u00e4lt sich vor, ohne Ank\u00fcndigung \u00c4nderungen oder Erg\u00e4nzungen der bereitgestellten Informationen oder Daten vorzunehmen. Die Inhalte der Internetseite www.mv-nimburg-bottingen.de ist urheberrechtlich gesch\u00fctzt. Die Vervielf\u00e4ltigung von Informationen oder Daten, insbesondere die Verwendung von Texten, Textteilen oder Bildmaterial bedarf der vorherigen Zustimmung des MV Nimburg-Bottingen. Davon ausgenommen sind die f\u00fcr die Weiterverbreitung ausdr\u00fccklich angebotenen Texte und Bildmaterialien.<\/p>\n<p>&nbsp;<\/p>\n","protected":false},"excerpt":{"rendered":"<p>Vertretungsberechtigter Vorstand des MV Nimburg-Bottingen Sven Mick (1. Vorsitzender) Langstra\u00dfe 38 79331 Nimburg 0176\/23794725 E-Mail: &#105;&#110;&#102;&#111;&#064;&#109;&#118;&#045;&#110;&#105;&#109;&#098;&#117;&#114;&#103;&#045;&#098;&#111;&#116;&#116;&#105;&#110;&#103;&#101;&#110;&#046;&#100;&#101; Haftungsausschluss Alle Inhalte dieser Website einschlie\u00dflich der Gestaltung und Programmierung unterliegen dem Urheberrecht (Copyright). Alle Rechte vorbehalten, alle Angaben ohne Gew\u00e4hr, \u00c4nderungen vorbehalten. Mit &hellip; <a href=\"https:\/\/www.mv-nimburg-bottingen.de\/site\/impressum\/\">Weiterlesen <span class=\"meta-nav\">&rarr;<\/span><\/a><\/p>\n","protected":false},"author":1,"featured_media":0,"parent":0,"menu_order":0,"comment_status":"closed","ping_status":"open","template":"","meta":[],"_links":{"self":[{"href":"https:\/\/www.mv-nimburg-bottingen.de\/site\/wp-json\/wp\/v2\/pages\/49"}],"collection":[{"href":"https:\/\/www.mv-nimburg-bottingen.de\/site\/wp-json\/wp\/v2\/pages"}],"about":[{"href":"https:\/\/www.mv-nimburg-bottingen.de\/site\/wp-json\/wp\/v2\/types\/page"}],"author":[{"embeddable":true,"href":"https:\/\/www.mv-nimburg-bottingen.de\/site\/wp-json\/wp\/v2\/users\/1"}],"replies":[{"embeddable":true,"href":"https:\/\/www.mv-nimburg-bottingen.de\/site\/wp-json\/wp\/v2\/comments?post=49"}],"version-history":[{"count":7,"href":"https:\/\/www.mv-nimburg-bottingen.de\/site\/wp-json\/wp\/v2\/pages\/49\/revisions"}],"predecessor-version":[{"id":1393,"href":"https:\/\/www.mv-nimburg-bottingen.de\/site\/wp-json\/wp\/v2\/pages\/49\/revisions\/1393"}],"wp:attachment":[{"href":"https:\/\/www.mv-nimburg-bottingen.de\/site\/wp-json\/wp\/v2\/media?parent=49"}],"curies":[{"name":"wp","href":"https:\/\/api.w.org\/{rel}","templated":true}]}}